[INFO] fetching crate blockish 0.1.2...
[INFO] checking blockish-0.1.2 against master#e6e4f7ed1589e03bc2f6c5931c1a72e7947e8682 for beta-170-4
[INFO] extracting crate blockish 0.1.2 into /workspace/builds/worker-4-tc2/source
[INFO] validating manifest of crates.io crate blockish 0.1.2 on toolchain e6e4f7ed1589e03bc2f6c5931c1a72e7947e8682
[INFO] running `Command { std: CARGO_HOME="/workspace/cargo-home" RUSTUP_HOME="/workspace/rustup-home" "/workspace/cargo-home/bin/cargo" "+e6e4f7ed1589e03bc2f6c5931c1a72e7947e8682" "metadata" "--manifest-path" "Cargo.toml" "--no-deps", kill_on_drop: false }`
[INFO] started tweaking crates.io crate blockish 0.1.2
[INFO] finished tweaking crates.io crate blockish 0.1.2
[INFO] tweaked toml for crates.io crate blockish 0.1.2 written to /workspace/builds/worker-4-tc2/source/Cargo.toml
[INFO] crate crates.io crate blockish 0.1.2 already has a lockfile, it will not be regenerated
[INFO] running `Command { std: CARGO_HOME="/workspace/cargo-home" RUSTUP_HOME="/workspace/rustup-home" "/workspace/cargo-home/bin/cargo" "+e6e4f7ed1589e03bc2f6c5931c1a72e7947e8682" "fetch" "--manifest-path" "Cargo.toml", kill_on_drop: false }`
[INFO] running `Command { std: "docker" "create" "-v" "/var/lib/crater-agent-workspace/builds/worker-4-tc2/target:/opt/rustwide/target:rw,Z" "-v" "/var/lib/crater-agent-workspace/builds/worker-4-tc2/source:/opt/rustwide/workdir:ro,Z" "-v" "/var/lib/crater-agent-workspace/cargo-home:/opt/rustwide/cargo-home:ro,Z" "-v" "/var/lib/crater-agent-workspace/rustup-home:/opt/rustwide/rustup-home:ro,Z" "-e" "SOURCE_DIR=/opt/rustwide/workdir" "-e" "CARGO_TARGET_DIR=/opt/rustwide/target" "-e" "CARGO_HOME=/opt/rustwide/cargo-home" "-e" "RUSTUP_HOME=/opt/rustwide/rustup-home" "-w" "/opt/rustwide/workdir" "-m" "1610612736" "--user" "0:0" "--network" "none" "ghcr.io/rust-lang/crates-build-env/linux@sha256:19e73879b68f455e41552ea35293514db52ea292d993f571636dbffedb77a1ee" "/opt/rustwide/cargo-home/bin/cargo" "+e6e4f7ed1589e03bc2f6c5931c1a72e7947e8682" "metadata" "--no-deps" "--format-version=1", kill_on_drop: false }`
[INFO] [stdout] 0dde2278bcf6e6f0d8bc89b5402a724c4045638a270140bd4097fc1715782c1c
[INFO] running `Command { std: "docker" "start" "-a" "0dde2278bcf6e6f0d8bc89b5402a724c4045638a270140bd4097fc1715782c1c", kill_on_drop: false }`
[INFO] running `Command { std: "docker" "inspect" "0dde2278bcf6e6f0d8bc89b5402a724c4045638a270140bd4097fc1715782c1c", kill_on_drop: false }`
[INFO] running `Command { std: "docker" "rm" "-f" "0dde2278bcf6e6f0d8bc89b5402a724c4045638a270140bd4097fc1715782c1c", kill_on_drop: false }`
[INFO] [stdout] 0dde2278bcf6e6f0d8bc89b5402a724c4045638a270140bd4097fc1715782c1c
[INFO] running `Command { std: "docker" "create" "-v" "/var/lib/crater-agent-workspace/builds/worker-4-tc2/target:/opt/rustwide/target:rw,Z" "-v" "/var/lib/crater-agent-workspace/builds/worker-4-tc2/source:/opt/rustwide/workdir:ro,Z" "-v" "/var/lib/crater-agent-workspace/cargo-home:/opt/rustwide/cargo-home:ro,Z" "-v" "/var/lib/crater-agent-workspace/rustup-home:/opt/rustwide/rustup-home:ro,Z" "-e" "SOURCE_DIR=/opt/rustwide/workdir" "-e" "CARGO_TARGET_DIR=/opt/rustwide/target" "-e" "CARGO_INCREMENTAL=0" "-e" "RUST_BACKTRACE=full" "-e" "RUSTFLAGS=--cap-lints=forbid" "-e" "RUSTDOCFLAGS=--cap-lints=forbid" "-e" "CARGO_HOME=/opt/rustwide/cargo-home" "-e" "RUSTUP_HOME=/opt/rustwide/rustup-home" "-w" "/opt/rustwide/workdir" "-m" "1610612736" "--user" "0:0" "--network" "none" "ghcr.io/rust-lang/crates-build-env/linux@sha256:19e73879b68f455e41552ea35293514db52ea292d993f571636dbffedb77a1ee" "/opt/rustwide/cargo-home/bin/cargo" "+e6e4f7ed1589e03bc2f6c5931c1a72e7947e8682" "check" "--frozen" "--all" "--all-targets" "--message-format=json", kill_on_drop: false }`
[INFO] [stdout] 2ed474aa1d5d1fcd7a8bdbb28629cc3ba848bc2867659e78f0f9a73d7894d046
[INFO] running `Command { std: "docker" "start" "-a" "2ed474aa1d5d1fcd7a8bdbb28629cc3ba848bc2867659e78f0f9a73d7894d046", kill_on_drop: false }`
[INFO] [stderr]    Compiling libc v0.2.142
[INFO] [stderr]     Checking cfg-if v1.0.0
[INFO] [stderr]     Checking scopeguard v1.1.0
[INFO] [stderr]    Compiling num-traits v0.2.15
[INFO] [stderr]    Compiling proc-macro2 v1.0.56
[INFO] [stderr]    Compiling crossbeam-utils v0.8.15
[INFO] [stderr]    Compiling memoffset v0.8.0
[INFO] [stderr]    Compiling crossbeam-epoch v0.9.14
[INFO] [stderr]    Compiling autocfg v0.1.8
[INFO] [stderr]     Checking rand_core v0.4.2
[INFO] [stderr]     Checking simd-adler32 v0.3.5
[INFO] [stderr]    Compiling syn v1.0.109
[INFO] [stderr]    Compiling rayon-core v1.11.0
[INFO] [stderr]     Checking bitflags v1.3.2
[INFO] [stderr]     Checking adler v1.0.2
[INFO] [stderr]    Compiling io-lifetimes v1.0.10
[INFO] [stderr]    Compiling num-integer v0.1.45
[INFO] [stderr]    Compiling rustix v0.37.18
[INFO] [stderr]     Checking crossbeam-channel v0.5.8
[INFO] [stderr]    Compiling crc32fast v1.3.2
[INFO] [stderr]    Compiling lock_api v0.4.9
[INFO] [stderr]     Checking crossbeam-deque v0.8.3
[INFO] [stderr]    Compiling futures-core v0.3.28
[INFO] [stderr]     Checking linux-raw-sys v0.3.6
[INFO] [stderr]     Checking miniz_oxide v0.7.1
[INFO] [stderr]     Checking rand_core v0.3.1
[INFO] [stderr]    Compiling semver-parser v0.7.0
[INFO] [stderr]    Compiling quote v1.0.26
[INFO] [stderr]     Checking utf8parse v0.2.1
[INFO] [stderr]     Checking either v1.8.1
[INFO] [stderr]    Compiling semver v0.9.0
[INFO] [stderr]     Checking flate2 v1.0.26
[INFO] [stderr]     Checking anstyle-parse v0.2.0
[INFO] [stderr]     Checking spin v0.9.8
[INFO] [stderr]    Compiling num-rational v0.4.1
[INFO] [stderr]     Checking weezl v0.1.7
[INFO] [stderr]     Checking anstyle v1.0.0
[INFO] [stderr]     Checking colorchoice v1.0.0
[INFO] [stderr]     Checking futures-sink v0.3.28
[INFO] [stderr]     Checking color_quant v1.1.0
[INFO] [stderr]     Checking anstyle-query v1.0.0
[INFO] [stderr]    Compiling rustc_version v0.2.3
[INFO] [stderr]     Checking miniz_oxide v0.6.2
[INFO] [stderr]     Checking fdeflate v0.3.0
[INFO] [stderr]     Checking zune-inflate v0.2.54
[INFO] [stderr]    Compiling rand_chacha v0.1.1
[INFO] [stderr]    Compiling rand_pcg v0.1.2
[INFO] [stderr]     Checking num_cpus v1.15.0
[INFO] [stderr]     Checking getrandom v0.2.9
[INFO] [stderr]     Checking half v2.2.1
[INFO] [stderr]     Checking clap_lex v0.4.1
[INFO] [stderr]     Checking bit_field v0.10.2
[INFO] [stderr]     Checking lebe v0.5.2
[INFO] [stderr]     Checking nanorand v0.7.0
[INFO] [stderr]     Checking bytemuck v1.13.1
[INFO] [stderr]     Checking smallvec v1.10.0
[INFO] [stderr]     Checking strsim v0.10.0
[INFO] [stderr]     Checking rayon v1.7.0
[INFO] [stderr]     Checking once_cell v1.17.1
[INFO] [stderr]     Checking png v0.17.8
[INFO] [stderr]     Checking qoi v0.4.1
[INFO] [stderr]    Compiling vek v0.9.12
[INFO] [stderr]     Checking gif v0.12.0
[INFO] [stderr]    Compiling rand v0.6.5
[INFO] [stderr]     Checking byteorder v1.4.3
[INFO] [stderr]     Checking rand_os v0.1.3
[INFO] [stderr]     Checking term_size v0.3.2
[INFO] [stderr]     Checking num-traits v0.1.43
[INFO] [stderr]     Checking rand_hc v0.1.0
[INFO] [stderr]     Checking rand_xorshift v0.1.1
[INFO] [stderr]     Checking rand_isaac v0.1.1
[INFO] [stderr]     Checking rand_jitter v0.1.4
[INFO] [stderr]     Checking approx v0.1.1
[INFO] [stderr]     Checking lazy_static v1.4.0
[INFO] [stderr]     Checking scoped_threadpool v0.1.9
[INFO] [stderr]     Checking static_assertions v0.2.5
[INFO] [stderr]    Compiling cgmath v0.17.0
[INFO] [stderr]     Checking approx v0.3.2
[INFO] [stderr]     Checking lzw v0.10.0
[INFO] [stderr]     Checking gif v0.10.3
[INFO] [stderr]     Checking terminal_size v0.1.17
[INFO] [stderr]     Checking is-terminal v0.4.7
[INFO] [stderr]     Checking tobj v0.1.12
[INFO] [stderr]     Checking anstream v0.3.2
[INFO] [stderr]     Checking clap_builder v4.2.7
[INFO] [stderr]     Checking jpeg-decoder v0.3.0
[INFO] [stderr]     Checking tiff v0.8.1
[INFO] [stderr]     Checking clap v4.2.7
[INFO] [stderr]    Compiling pin-project-internal v1.0.12
[INFO] [stderr]     Checking pin-project v1.0.12
[INFO] [stderr]     Checking flume v0.10.14
[INFO] [stderr]     Checking exr v1.6.3
[INFO] [stderr]     Checking euc v0.4.3
[INFO] [stderr]     Checking image v0.24.6
[INFO] [stderr]     Checking blockish v0.1.2 (/opt/rustwide/workdir)
[INFO] [stdout] error[E0463]: can't find crate for `glium`
[INFO] [stdout]  --> examples/glium.rs:2:1
[INFO] [stdout]   |
[INFO] [stdout] 2 | extern crate glium;
[INFO] [stdout]   | ^^^^^^^^^^^^^^^^^^^ can't find crate
[INFO] [stdout] 
[INFO] [stdout] 
[INFO] [stdout] error[E0432]: unresolved import `glutin::dpi::LogicalSize`
[INFO] [stdout]  --> examples/glium.rs:9:5
[INFO] [stdout]   |
[INFO] [stdout] 9 | use glutin::dpi::LogicalSize;
[INFO] [stdout]   |     ^^^^^^^^^^^^^^^^^^^^^^^^
[INFO] [stdout] 
[INFO] [stdout] 
[INFO] [stdout] error: cannot find macro `uniform` in this scope
[INFO] [stdout]    --> examples/glium.rs:231:32
[INFO] [stdout]     |
[INFO] [stdout] 231 |                 let uniforms = uniform! {
[INFO] [stdout]     |                                ^^^^^^^
[INFO] [stdout] 
[INFO] [stdout] 
[INFO] [stdout] error: cannot find macro `uniform` in this scope
[INFO] [stdout]    --> examples/glium.rs:280:28
[INFO] [stdout]     |
[INFO] [stdout] 280 |             let uniforms = uniform! {
[INFO] [stdout]     |                            ^^^^^^^
[INFO] [stdout] 
[INFO] [stdout] 
[INFO] [stdout] error: cannot find macro `uniform` in this scope
[INFO] [stdout]    --> examples/glium.rs:305:28
[INFO] [stdout]     |
[INFO] [stdout] 305 |             let uniforms = uniform! {
[INFO] [stdout]     |                            ^^^^^^^
[INFO] [stdout] 
[INFO] [stdout] 
[INFO] [stdout] error: cannot find macro `implement_vertex` in this scope
[INFO] [stdout]    --> examples/glium.rs:386:1
[INFO] [stdout]     |
[INFO] [stdout] 386 | implement_vertex!(Vertex, position, normal);
[INFO] [stdout]     | ^^^^^^^^^^^^^^^^
[INFO] [stdout] 
[INFO] [stdout] 
[INFO] [stdout] error: cannot find macro `implement_vertex` in this scope
[INFO] [stdout]    --> examples/glium.rs:417:1
[INFO] [stdout]     |
[INFO] [stdout] 417 | implement_vertex!(DebugVertex, position, tex_coords);
[INFO] [stdout]     | ^^^^^^^^^^^^^^^^
[INFO] [stdout] 
[INFO] [stdout] 
[INFO] [stdout] error[E0308]: mismatched types
[INFO] [stdout]    --> examples/euc.rs:104:10
[INFO] [stdout]     |
[INFO] [stdout] 104 |          ((colors >> 16 & 0xff) as u8, (colors >> 8 & 0xff) as u8, ( colors & 0xff) as u8)
[INFO] [stdout]     |          ^^^^^^^^^^^^^^^^^^^^^^^^^^^^^^^^^^^^^^^^^^^^^^^^^^^^^^^^^^^^^^^^^^^^^^^^^^^^^^^^^ expected a tuple with 4 elements, found one with 3 elements
[INFO] [stdout]     |
[INFO] [stdout]     = note: expected tuple `(u8, u8, u8, u8)`
[INFO] [stdout]                found tuple `(u8, u8, u8)`
[INFO] [stdout] 
[INFO] [stdout] 
[INFO] [stdout] error[E0308]: mismatched types
[INFO] [stdout]   --> examples/gif.rs:18:17
[INFO] [stdout]    |
[INFO] [stdout] 18 |                 (raw_slice[start], raw_slice[start + 1], raw_slice[start + 2])
[INFO] [stdout]    |                 ^^^^^^^^^^^^^^^^^^^^^^^^^^^^^^^^^^^^^^^^^^^^^^^^^^^^^^^^^^^^^^ expected a tuple with 4 elements, found one with 3 elements
[INFO] [stdout]    |
[INFO] [stdout]    = note: expected tuple `(u8, u8, u8, u8)`
[INFO] [stdout]               found tuple `(u8, u8, u8)`
[INFO] [stdout] 
[INFO] [stdout] 
[INFO] [stdout] error: aborting due to previous error
[INFO] [stdout] 
[INFO] [stdout] 
[INFO] [stdout] For more information about this error, try `rustc --explain E0308`.
[INFO] [stdout] 
[INFO] [stdout] error: aborting due to previous error
[INFO] [stdout] 
[INFO] [stdout] 
[INFO] [stdout] For more information about this error, try `rustc --explain E0308`.
[INFO] [stdout] 
[INFO] [stderr] error: could not compile `blockish` (example "euc") due to 2 previous errors
[INFO] [stderr] warning: build failed, waiting for other jobs to finish...
[INFO] [stderr] error: could not compile `blockish` (example "gif") due to 2 previous errors
[INFO] [stdout] error[E0308]: mismatched types
[INFO] [stdout]    --> examples/glium.rs:329:13
[INFO] [stdout]     |
[INFO] [stdout] 329 |             (raw_slice[start], raw_slice[start + 1], raw_slice[start + 2])
[INFO] [stdout]     |             ^^^^^^^^^^^^^^^^^^^^^^^^^^^^^^^^^^^^^^^^^^^^^^^^^^^^^^^^^^^^^^ expected a tuple with 4 elements, found one with 3 elements
[INFO] [stdout]     |
[INFO] [stdout]     = note: expected tuple `(u8, u8, u8, u8)`
[INFO] [stdout]                found tuple `(u8, u8, u8)`
[INFO] [stdout] 
[INFO] [stdout] 
[INFO] [stdout] error: aborting due to 8 previous errors
[INFO] [stdout] 
[INFO] [stdout] 
[INFO] [stdout] Some errors have detailed explanations: E0308, E0432, E0463.
[INFO] [stdout] 
[INFO] [stdout] For more information about an error, try `rustc --explain E0308`.
[INFO] [stdout] 
[INFO] [stderr] error: could not compile `blockish` (example "glium") due to 9 previous errors
[INFO] running `Command { std: "docker" "inspect" "2ed474aa1d5d1fcd7a8bdbb28629cc3ba848bc2867659e78f0f9a73d7894d046", kill_on_drop: false }`
[INFO] running `Command { std: "docker" "rm" "-f" "2ed474aa1d5d1fcd7a8bdbb28629cc3ba848bc2867659e78f0f9a73d7894d046", kill_on_drop: false }`
[INFO] [stdout] 2ed474aa1d5d1fcd7a8bdbb28629cc3ba848bc2867659e78f0f9a73d7894d046
